{"id":1115,"date":"2026-01-30T13:44:12","date_gmt":"2026-01-30T16:44:12","guid":{"rendered":"https:\/\/seasdih.duquedecaxias.rj.gov.br\/digital\/?page_id=1115"},"modified":"2026-04-16T15:03:05","modified_gmt":"2026-04-16T18:03:05","slug":"chamada-2024-2","status":"publish","type":"page","link":"https:\/\/seasdih.duquedecaxias.rj.gov.br\/digital\/chamada-2024-2\/","title":{"rendered":"Chamada 2024.2"},"content":{"rendered":"\t\t<div data-elementor-type=\"wp-page\" data-elementor-id=\"1115\" class=\"elementor elementor-1115\" data-elementor-post-type=\"page\">\n\t\t\t\t<div class=\"elementor-element elementor-element-3ab6028 e-flex e-con-boxed e-con e-parent\" data-id=\"3ab6028\" data-element_type=\"container\" data-e-type=\"container\">\n\t\t\t\t\t<div class=\"e-con-inner\">\n\t\t\t\t<div class=\"elementor-element elementor-element-3024f29 elementor-widget__width-inherit elementor-widget elementor-widget-heading\" data-id=\"3024f29\" data-element_type=\"widget\" data-e-type=\"widget\" data-widget_type=\"heading.default\">\n\t\t\t\t<div class=\"elementor-widget-container\">\n\t\t\t\t\t<h2 class=\"elementor-heading-title elementor-size-default\">CHAMADA -  PSS 2024.2<\/h2>\t\t\t\t<\/div>\n\t\t\t\t<\/div>\n\t\t\t\t<div class=\"elementor-element elementor-element-e9e6065 elementor-widget elementor-widget-text-editor\" data-id=\"e9e6065\" data-element_type=\"widget\" data-e-type=\"widget\" data-widget_type=\"text-editor.default\">\n\t\t\t\t<div class=\"elementor-widget-container\">\n\t\t\t\t\t\t\t\t\t<p style=\"text-align: center;\">Basta apenas apertar em umas das datas que<br \/>sera aberto a lista do mesmo.<\/p>\t\t\t\t\t\t\t\t<\/div>\n\t\t\t\t<\/div>\n\t\t\t\t\t<\/div>\n\t\t\t\t<\/div>\n\t\t<div class=\"elementor-element elementor-element-fce6b3e e-flex e-con-boxed e-con e-parent\" data-id=\"fce6b3e\" data-element_type=\"container\" data-e-type=\"container\">\n\t\t\t\t\t<div class=\"e-con-inner\">\n\t\t\t\t<div class=\"elementor-element elementor-element-2c73985 elementor-widget__width-inherit elementor-widget elementor-widget-heading\" data-id=\"2c73985\" data-element_type=\"widget\" data-e-type=\"widget\" data-widget_type=\"heading.default\">\n\t\t\t\t<div class=\"elementor-widget-container\">\n\t\t\t\t\t<h4 class=\"elementor-heading-title elementor-size-default\">DIA 29 JANEIRO 2026<\/h4>\t\t\t\t<\/div>\n\t\t\t\t<\/div>\n\t\t\t\t<div class=\"elementor-element elementor-element-fbfc2b9 elementor-widget elementor-widget-n-accordion\" data-id=\"fbfc2b9\" data-element_type=\"widget\" data-e-type=\"widget\" data-settings=\"{&quot;default_state&quot;:&quot;all_collapsed&quot;,&quot;max_items_expended&quot;:&quot;one&quot;,&quot;n_accordion_animation_duration&quot;:{&quot;unit&quot;:&quot;ms&quot;,&quot;size&quot;:400,&quot;sizes&quot;:[]}}\" data-widget_type=\"nested-accordion.default\">\n\t\t\t\t<div class=\"elementor-widget-container\">\n\t\t\t\t\t\t\t<div class=\"e-n-accordion\" aria-label=\"Accordion. Open links with Enter or Space, close with Escape, and navigate with Arrow Keys\">\n\t\t\t\t\t\t<details id=\"e-n-accordion-item-2640\" class=\"e-n-accordion-item\" >\n\t\t\t\t<summary class=\"e-n-accordion-item-title\" data-accordion-index=\"1\" tabindex=\"0\" aria-expanded=\"false\" aria-controls=\"e-n-accordion-item-2640\" >\n\t\t\t\t\t<span class='e-n-accordion-item-title-header'><div class=\"e-n-accordion-item-title-text\"> 9h30 \u00e0s 12h e 13h \u00e0s 16h30 (5\u00aa feira) <\/div><\/span>\n\t\t\t\t\t\t\t<span class='e-n-accordion-item-title-icon'>\n\t\t\t<span class='e-opened' ><svg aria-hidden=\"true\" class=\"e-font-icon-svg e-fas-arrow-circle-up\" viewBox=\"0 0 512 512\" xmlns=\"http:\/\/www.w3.org\/2000\/svg\"><path d=\"M8 256C8 119 119 8 256 8s248 111 248 248-111 248-248 248S8 393 8 256zm143.6 28.9l72.4-75.5V392c0 13.3 10.7 24 24 24h16c13.3 0 24-10.7 24-24V209.4l72.4 75.5c9.3 9.7 24.8 9.9 34.3.4l10.9-11c9.4-9.4 9.4-24.6 0-33.9L273 107.7c-9.4-9.4-24.6-9.4-33.9 0L106.3 240.4c-9.4 9.4-9.4 24.6 0 33.9l10.9 11c9.6 9.5 25.1 9.3 34.4-.4z\"><\/path><\/svg><\/span>\n\t\t\t<span class='e-closed'><svg aria-hidden=\"true\" class=\"e-font-icon-svg e-fas-arrow-alt-circle-down\" viewBox=\"0 0 512 512\" xmlns=\"http:\/\/www.w3.org\/2000\/svg\"><path d=\"M504 256c0 137-111 248-248 248S8 393 8 256 119 8 256 8s248 111 248 248zM212 140v116h-70.9c-10.7 0-16.1 13-8.5 20.5l114.9 114.3c4.7 4.7 12.2 4.7 16.9 0l114.9-114.3c7.6-7.6 2.2-20.5-8.5-20.5H300V140c0-6.6-5.4-12-12-12h-64c-6.6 0-12 5.4-12 12z\"><\/path><\/svg><\/span>\n\t\t<\/span>\n\n\t\t\t\t\t\t<\/summary>\n\t\t\t\t<div role=\"region\" aria-labelledby=\"e-n-accordion-item-2640\" class=\"elementor-element elementor-element-33633f4 e-con-full e-flex e-con e-child\" data-id=\"33633f4\" data-element_type=\"container\" data-e-type=\"container\">\n\t\t\t\t<div class=\"elementor-element elementor-element-60b9129 elementor-widget elementor-widget-shortcode\" data-id=\"60b9129\" data-element_type=\"widget\" data-e-type=\"widget\" data-widget_type=\"shortcode.default\">\n\t\t\t\t<div class=\"elementor-widget-container\">\n\t\t\t\t\t\t\t<div class=\"elementor-shortcode\"><style>\n.convocados-wrapper {\n  width: 100%;\n  font-family: Arial, sans-serif;\n}\n\n.convocados-table {\n  width: 100%;\n  border-collapse: collapse;\n}\n\n.convocados-table th,\n.convocados-table td {\n  border: 1px solid #ddd;\n  padding: 10px;\n  text-align: left;\n}\n\n.convocados-table th {\n  background-color: #f2f2f2;\n  font-weight: bold;\n}\n\n.convocados-footer {\n  margin-top: 20px;\n  font-size: 14px;\n}\n\n.convocados-footer strong {\n  display: block;\n  font-size: 18px;\n  margin-bottom: 8px;\n}\n<\/style>\n\n<div class=\"convocados-wrapper\">\n\n  <table class=\"convocados-table\">\n    <thead>\n      <tr>\n        <th>Fun\u00e7\u00e3o<\/th>\n        <th>Classifica\u00e7\u00e3o<\/th>\n      <\/tr>\n    <\/thead>\n    <tbody>\n      <tr><td>ATENDENTE DE CADASTRO<\/td><td>113\u00b0 ao 127\u00b0 colocado<\/td><\/tr>\n      <tr><td>ASSISTENTE DE SERVI\u00c7O<\/td><td>81\u00b0 ao 90\u00b0 colocado<\/td><\/tr>\n    <\/tbody>\n  <\/table>\n\n  <div class=\"convocados-footer\">\n    <strong>Local de apresenta\u00e7\u00e3o dos convocados<\/strong>\n    Secretaria Municipal de Assist\u00eancia Social e Direitos Humanos, situada na Avenida Brigadeiro Lima e Silva, 1618, 3\u00ba andar, Jardim Vinte e Cinco de Agosto, Duque de Caxias, RJ\n  <\/div><\/div>\n\t\t\t\t\t\t<\/div>\n\t\t\t\t<\/div>\n\t\t\t\t<\/div>\n\t\t\t\t\t<\/details>\n\t\t\t\t\t<\/div>\n\t\t\t\t\t\t<\/div>\n\t\t\t\t<\/div>\n\t\t\t\t\t<\/div>\n\t\t\t\t<\/div>\n\t\t<div class=\"elementor-element elementor-element-fe76c69 e-flex e-con-boxed e-con e-parent\" data-id=\"fe76c69\" data-element_type=\"container\" data-e-type=\"container\">\n\t\t\t\t\t<div class=\"e-con-inner\">\n\t\t\t\t<div class=\"elementor-element elementor-element-5dd1a9d elementor-widget__width-inherit elementor-widget elementor-widget-heading\" data-id=\"5dd1a9d\" data-element_type=\"widget\" data-e-type=\"widget\" data-widget_type=\"heading.default\">\n\t\t\t\t<div class=\"elementor-widget-container\">\n\t\t\t\t\t<h4 class=\"elementor-heading-title elementor-size-default\">DIA 22 JANEIRO 2026<\/h4>\t\t\t\t<\/div>\n\t\t\t\t<\/div>\n\t\t\t\t<div class=\"elementor-element elementor-element-e367848 elementor-widget elementor-widget-n-accordion\" data-id=\"e367848\" data-element_type=\"widget\" data-e-type=\"widget\" data-settings=\"{&quot;default_state&quot;:&quot;all_collapsed&quot;,&quot;max_items_expended&quot;:&quot;one&quot;,&quot;n_accordion_animation_duration&quot;:{&quot;unit&quot;:&quot;ms&quot;,&quot;size&quot;:400,&quot;sizes&quot;:[]}}\" data-widget_type=\"nested-accordion.default\">\n\t\t\t\t<div class=\"elementor-widget-container\">\n\t\t\t\t\t\t\t<div class=\"e-n-accordion\" aria-label=\"Accordion. Open links with Enter or Space, close with Escape, and navigate with Arrow Keys\">\n\t\t\t\t\t\t<details id=\"e-n-accordion-item-2380\" class=\"e-n-accordion-item\" >\n\t\t\t\t<summary class=\"e-n-accordion-item-title\" data-accordion-index=\"1\" tabindex=\"0\" aria-expanded=\"false\" aria-controls=\"e-n-accordion-item-2380\" >\n\t\t\t\t\t<span class='e-n-accordion-item-title-header'><div class=\"e-n-accordion-item-title-text\"> 9h30 \u00e0s 12h e 13h \u00e0s 16h30 (5\u00aa feira) <\/div><\/span>\n\t\t\t\t\t\t\t<span class='e-n-accordion-item-title-icon'>\n\t\t\t<span class='e-opened' ><svg aria-hidden=\"true\" class=\"e-font-icon-svg e-fas-arrow-circle-up\" viewBox=\"0 0 512 512\" xmlns=\"http:\/\/www.w3.org\/2000\/svg\"><path d=\"M8 256C8 119 119 8 256 8s248 111 248 248-111 248-248 248S8 393 8 256zm143.6 28.9l72.4-75.5V392c0 13.3 10.7 24 24 24h16c13.3 0 24-10.7 24-24V209.4l72.4 75.5c9.3 9.7 24.8 9.9 34.3.4l10.9-11c9.4-9.4 9.4-24.6 0-33.9L273 107.7c-9.4-9.4-24.6-9.4-33.9 0L106.3 240.4c-9.4 9.4-9.4 24.6 0 33.9l10.9 11c9.6 9.5 25.1 9.3 34.4-.4z\"><\/path><\/svg><\/span>\n\t\t\t<span class='e-closed'><svg aria-hidden=\"true\" class=\"e-font-icon-svg e-fas-arrow-alt-circle-down\" viewBox=\"0 0 512 512\" xmlns=\"http:\/\/www.w3.org\/2000\/svg\"><path d=\"M504 256c0 137-111 248-248 248S8 393 8 256 119 8 256 8s248 111 248 248zM212 140v116h-70.9c-10.7 0-16.1 13-8.5 20.5l114.9 114.3c4.7 4.7 12.2 4.7 16.9 0l114.9-114.3c7.6-7.6 2.2-20.5-8.5-20.5H300V140c0-6.6-5.4-12-12-12h-64c-6.6 0-12 5.4-12 12z\"><\/path><\/svg><\/span>\n\t\t<\/span>\n\n\t\t\t\t\t\t<\/summary>\n\t\t\t\t<div role=\"region\" aria-labelledby=\"e-n-accordion-item-2380\" class=\"elementor-element elementor-element-45ad458 e-con-full e-flex e-con e-child\" data-id=\"45ad458\" data-element_type=\"container\" data-e-type=\"container\">\n\t\t\t\t<div class=\"elementor-element elementor-element-eed9593 elementor-widget elementor-widget-shortcode\" data-id=\"eed9593\" data-element_type=\"widget\" data-e-type=\"widget\" data-widget_type=\"shortcode.default\">\n\t\t\t\t<div class=\"elementor-widget-container\">\n\t\t\t\t\t\t\t<div class=\"elementor-shortcode\"><style>\n.convocados-wrapper {\n  width: 100%;\n  font-family: Arial, sans-serif;\n}\n\n.convocados-table {\n  width: 100%;\n  border-collapse: collapse;\n}\n\n.convocados-table th,\n.convocados-table td {\n  border: 1px solid #ddd;\n  padding: 10px;\n  text-align: left;\n}\n\n.convocados-table th {\n  background-color: #f2f2f2;\n  font-weight: bold;\n}\n\n.convocados-footer {\n  margin-top: 20px;\n  font-size: 14px;\n}\n\n.convocados-footer strong {\n  display: block;\n  font-size: 18px;\n  margin-bottom: 8px;\n}\n<\/style>\n\n<div class=\"convocados-wrapper\">\n\n  <table class=\"convocados-table\">\n    <thead>\n      <tr>\n        <th>Fun\u00e7\u00e3o<\/th>\n        <th>Classifica\u00e7\u00e3o<\/th>\n      <\/tr>\n    <\/thead>\n    <tbody>\n      <tr><td>ATENDENTE DE CADASTRO<\/td><td>98\u00b0 ao 112\u00b0 colocado<\/td><\/tr>\n      <tr><td>ASSISTENTE DE SERVI\u00c7O<\/td><td>69\u00b0 ao 80\u00b0 colocado<\/td><\/tr>\n    <\/tbody>\n  <\/table>\n\n  <div class=\"convocados-footer\">\n    <strong>Local de apresenta\u00e7\u00e3o dos convocados<\/strong>\n    Secretaria Municipal de Assist\u00eancia Social e Direitos Humanos, situada na Avenida Brigadeiro Lima e Silva, 1618, 3\u00ba andar, Jardim Vinte e Cinco de Agosto, Duque de Caxias, RJ\n  <\/div><\/div>\n\t\t\t\t\t\t<\/div>\n\t\t\t\t<\/div>\n\t\t\t\t<\/div>\n\t\t\t\t\t<\/details>\n\t\t\t\t\t<\/div>\n\t\t\t\t\t\t<\/div>\n\t\t\t\t<\/div>\n\t\t\t\t\t<\/div>\n\t\t\t\t<\/div>\n\t\t\t\t<\/div>\n\t\t","protected":false},"excerpt":{"rendered":"<p>CHAMADA &#8211; PSS 2024.2 Basta apenas apertar em umas das datas quesera aberto a lista do mesmo. DIA 29 JANEIRO 2026 9h30 \u00e0s 12h e 13h \u00e0s 16h30 (5\u00aa feira) Fun\u00e7\u00e3o Classifica\u00e7\u00e3o ATENDENTE DE CADASTRO 113\u00b0 ao 127\u00b0 colocado ASSISTENTE DE SERVI\u00c7O 81\u00b0 ao 90\u00b0 colocado Local de apresenta\u00e7\u00e3o dos convocados Secretaria Municipal de Assist\u00eancia [&hellip;]<\/p>\n","protected":false},"author":7,"featured_media":0,"parent":0,"menu_order":0,"comment_status":"closed","ping_status":"closed","template":"","meta":{"footnotes":""},"class_list":["post-1115","page","type-page","status-publish","hentry"],"_links":{"self":[{"href":"https:\/\/seasdih.duquedecaxias.rj.gov.br\/digital\/wp-json\/wp\/v2\/pages\/1115","targetHints":{"allow":["GET"]}}],"collection":[{"href":"https:\/\/seasdih.duquedecaxias.rj.gov.br\/digital\/wp-json\/wp\/v2\/pages"}],"about":[{"href":"https:\/\/seasdih.duquedecaxias.rj.gov.br\/digital\/wp-json\/wp\/v2\/types\/page"}],"author":[{"embeddable":true,"href":"https:\/\/seasdih.duquedecaxias.rj.gov.br\/digital\/wp-json\/wp\/v2\/users\/7"}],"replies":[{"embeddable":true,"href":"https:\/\/seasdih.duquedecaxias.rj.gov.br\/digital\/wp-json\/wp\/v2\/comments?post=1115"}],"version-history":[{"count":16,"href":"https:\/\/seasdih.duquedecaxias.rj.gov.br\/digital\/wp-json\/wp\/v2\/pages\/1115\/revisions"}],"predecessor-version":[{"id":1529,"href":"https:\/\/seasdih.duquedecaxias.rj.gov.br\/digital\/wp-json\/wp\/v2\/pages\/1115\/revisions\/1529"}],"wp:attachment":[{"href":"https:\/\/seasdih.duquedecaxias.rj.gov.br\/digital\/wp-json\/wp\/v2\/media?parent=1115"}],"curies":[{"name":"wp","href":"https:\/\/api.w.org\/{rel}","templated":true}]}}